{"id":118,"date":"2023-07-18T20:05:44","date_gmt":"2023-07-18T18:05:44","guid":{"rendered":"http:\/\/www.s665648207.online.de\/wordpress\/?page_id=118"},"modified":"2025-10-15T09:03:44","modified_gmt":"2025-10-15T07:03:44","slug":"offene-ganztagesschule","status":"publish","type":"page","link":"https:\/\/www.gsr-bamberg.de\/wordpress\/schulprofil\/offene-ganztagesschule\/","title":{"rendered":"Offene Ganztagesschule"},"content":{"rendered":"<p>Das staatlich finanzierte Ganztagesangebot bietet f\u00fcr Ihre Kinder im Anschluss an den Vormittagsunterricht verl\u00e4ssliche Betreuungs- und Bildungsangebote. Die Betreuung wird von Montag bis Donnerstag jeweils von 12:50 bis 16:00 Uhr angeboten. Die Angebote umfassen ein gemeinsames Mittagessen, eine Hausaufgabenbetreuung und verschiedene Freizeit- und F\u00f6rderangebote.<\/p>\n<p>Zur Teilnahme ist eine verbindliche Anmeldung durch die Erziehungsberechtigten erforderlich. Die Betreuung kann \u2013 je nach Bedarf \u2013 an zwei, drei oder vier Nachmittagen in Anspruch genommen werden.<\/p>\n<p>F\u00fcr die Betreuung selbst entstehen keine Kosten. Es fallen aber Kosten f\u00fcr das Mittagessen an der Schule an (derzeit 5,30 \u20ac pro Tag). Au\u00dferdem sind einmalig Materialkosten von 15,00 \u20ac pro Schuljahr einzuplanen. Im Rahmen des Bildungs- und Teilhabepakets des Bundes werden f\u00fcr bed\u00fcrftige Kinder die Kosten f\u00fcr das Mittagessen \u00fcbernommen.<br \/>\nW\u00e4hrend der Ferien findet keine Betreuung im Rahmen des offenen Ganztagesangebotes statt.<\/p>\n<p><strong>Ein Tag in der OGTS:<\/strong><br \/>\n\u2022 12.50 Uhr \u2013 13.30 Uhr: Gemeinsames Mittagessen<br \/>\n\u2022 13.30 Uhr \u2013 14.00 Uhr: Zeit f\u00fcr Pause, Sport, Bewegung, Spiel, Entspannen, kreativ sein<br \/>\n\u2022 14.00 Uhr \u2013 15.00 Uhr: Hausaufgaben \u2013 und Lernzeit<br \/>\n\u2022 15.00 Uhr \u2013 15.45 Uhr: Entspannung und Aktion, Zeit f\u00fcr Projekte<br \/>\n\u2022 15.45 Uhr: Gemeinsames Aufr\u00e4umen<br \/>\n\u2022 15.55 Uhr: Ende der Betreuung<\/p>\n<p><img loading=\"lazy\" decoding=\"async\" class=\"alignnone size-medium wp-image-2674\" src=\"https:\/\/www.gsr-bamberg.de\/wordpress\/wp-content\/uploads\/2025\/03\/SCHULH_Logo-Design_2024_RGB_invertiert-300x123.png\" alt=\"\" width=\"300\" height=\"123\" srcset=\"https:\/\/www.gsr-bamberg.de\/wordpress\/wp-content\/uploads\/2025\/03\/SCHULH_Logo-Design_2024_RGB_invertiert-300x123.png 300w, https:\/\/www.gsr-bamberg.de\/wordpress\/wp-content\/uploads\/2025\/03\/SCHULH_Logo-Design_2024_RGB_invertiert-1024x421.png 1024w, https:\/\/www.gsr-bamberg.de\/wordpress\/wp-content\/uploads\/2025\/03\/SCHULH_Logo-Design_2024_RGB_invertiert-768x316.png 768w, https:\/\/www.gsr-bamberg.de\/wordpress\/wp-content\/uploads\/2025\/03\/SCHULH_Logo-Design_2024_RGB_invertiert-1536x632.png 1536w, https:\/\/www.gsr-bamberg.de\/wordpress\/wp-content\/uploads\/2025\/03\/SCHULH_Logo-Design_2024_RGB_invertiert-2048x843.png 2048w\" sizes=\"auto, (max-width: 300px) 100vw, 300px\" \/><\/p>\n<p>Unser Kooperationspartner, \u201eSchulhaus Nachmittagsbetreuung gemeinn\u00fctzige GmbH\u201c konzipiert das Angebot und stellt Personal zur Verf\u00fcgung.<\/p>\n<p>&nbsp;<\/p>\n<p>&nbsp;<\/p>\n","protected":false},"excerpt":{"rendered":"<p>Das staatlich finanzierte Ganztagesangebot bietet f\u00fcr Ihre Kinder im Anschluss an den Vormittagsunterricht verl\u00e4ssliche Betreuungs- und Bildungsangebote. Die Betreuung wird von Montag bis Donnerstag jeweils von 12:50 bis 16:00 Uhr [&hellip;]<\/p>\n","protected":false},"author":1,"featured_media":0,"parent":37,"menu_order":0,"comment_status":"closed","ping_status":"closed","template":"","meta":{"ngg_post_thumbnail":0,"footnotes":""},"class_list":["post-118","page","type-page","status-publish","hentry"],"_links":{"self":[{"href":"https:\/\/www.gsr-bamberg.de\/wordpress\/wp-json\/wp\/v2\/pages\/118","targetHints":{"allow":["GET"]}}],"collection":[{"href":"https:\/\/www.gsr-bamberg.de\/wordpress\/wp-json\/wp\/v2\/pages"}],"about":[{"href":"https:\/\/www.gsr-bamberg.de\/wordpress\/wp-json\/wp\/v2\/types\/page"}],"author":[{"embeddable":true,"href":"https:\/\/www.gsr-bamberg.de\/wordpress\/wp-json\/wp\/v2\/users\/1"}],"replies":[{"embeddable":true,"href":"https:\/\/www.gsr-bamberg.de\/wordpress\/wp-json\/wp\/v2\/comments?post=118"}],"version-history":[{"count":7,"href":"https:\/\/www.gsr-bamberg.de\/wordpress\/wp-json\/wp\/v2\/pages\/118\/revisions"}],"predecessor-version":[{"id":2999,"href":"https:\/\/www.gsr-bamberg.de\/wordpress\/wp-json\/wp\/v2\/pages\/118\/revisions\/2999"}],"up":[{"embeddable":true,"href":"https:\/\/www.gsr-bamberg.de\/wordpress\/wp-json\/wp\/v2\/pages\/37"}],"wp:attachment":[{"href":"https:\/\/www.gsr-bamberg.de\/wordpress\/wp-json\/wp\/v2\/media?parent=118"}],"curies":[{"name":"wp","href":"https:\/\/api.w.org\/{rel}","templated":true}]}}