{"id":128,"date":"2023-07-18T20:15:46","date_gmt":"2023-07-18T18:15:46","guid":{"rendered":"http:\/\/www.s665648207.online.de\/wordpress\/?page_id=128"},"modified":"2023-10-13T09:28:01","modified_gmt":"2023-10-13T07:28:01","slug":"betriebspraktikum","status":"publish","type":"page","link":"https:\/\/www.gsr-bamberg.de\/wordpress\/schulprofil\/betriebspraktikum\/","title":{"rendered":"Betriebspraktikum"},"content":{"rendered":"<p>Teil der beruflichen Bildung an unserer Schule ist ein verpflichtendes Betriebspraktikum, das Sch\u00fclerinnen und Sch\u00fcler der 9. Jahrgangsstufe w\u00e4hrend einer festgelegten Schulwoche im M\u00e4rz absolvieren m\u00fcssen. Den Praktikumsplatz suchen sich die Sch\u00fclerinnen und Sch\u00fcler selbst.<\/p>\n<p>Dieser Baustein der Berufsorientierung soll praktische Vorstellungen \u00fcber Arbeitswelt und Berufsleben vermitteln. Die Sch\u00fclerinnen und Sch\u00fcler erleben den beruflichen Alltag, erproben durch eigenes Mitarbeiten ihre Fertigkeiten, vertiefen die im Unterricht erworbenen theoretischen Kenntnisse und k\u00f6nnen ihren Berufswunsch anhand der Anforderungen in der Praxis \u00fcberpr\u00fcfen.<\/p>\n<p>Betriebspraktika k\u00f6nnen grunds\u00e4tzlich in allen Bereichen der Arbeitswelt durchgef\u00fchrt werden: z.B. in Handwerk oder Industrie, im Handel und Verkehr, in freien Berufen, in der \u00f6ffentlichen Versorgung und Verwaltung sowie in Krankenh\u00e4usern und sozialen Einrichtungen. Unzul\u00e4ssig sind Praktika, die eine besondere Gef\u00e4hrdung von Sch\u00fclerinnen und Sch\u00fclern erwarten lassen.<\/p>\n<p>Die Sch\u00fclerinnen und Sch\u00fcler werden w\u00e4hrend des Praktikums von Herrn BerR Schmitt betreut. Er besucht sie pers\u00f6nlich in den Betrieben oder nimmt zum Praktikumsbetrieb telefonischen Kontakt auf. Bei Problemen seitens des Betriebes oder des\/der Praktikanten\/in ist er Ansprechpartner.<\/p>\n","protected":false},"excerpt":{"rendered":"<p>Teil der beruflichen Bildung an unserer Schule ist ein verpflichtendes Betriebspraktikum, das Sch\u00fclerinnen und Sch\u00fcler der 9. Jahrgangsstufe w\u00e4hrend einer festgelegten Schulwoche im M\u00e4rz absolvieren m\u00fcssen. Den Praktikumsplatz suchen sich [&hellip;]<\/p>\n","protected":false},"author":1,"featured_media":0,"parent":37,"menu_order":0,"comment_status":"closed","ping_status":"closed","template":"","meta":{"ngg_post_thumbnail":0,"footnotes":""},"class_list":["post-128","page","type-page","status-publish","hentry"],"_links":{"self":[{"href":"https:\/\/www.gsr-bamberg.de\/wordpress\/wp-json\/wp\/v2\/pages\/128","targetHints":{"allow":["GET"]}}],"collection":[{"href":"https:\/\/www.gsr-bamberg.de\/wordpress\/wp-json\/wp\/v2\/pages"}],"about":[{"href":"https:\/\/www.gsr-bamberg.de\/wordpress\/wp-json\/wp\/v2\/types\/page"}],"author":[{"embeddable":true,"href":"https:\/\/www.gsr-bamberg.de\/wordpress\/wp-json\/wp\/v2\/users\/1"}],"replies":[{"embeddable":true,"href":"https:\/\/www.gsr-bamberg.de\/wordpress\/wp-json\/wp\/v2\/comments?post=128"}],"version-history":[{"count":5,"href":"https:\/\/www.gsr-bamberg.de\/wordpress\/wp-json\/wp\/v2\/pages\/128\/revisions"}],"predecessor-version":[{"id":1338,"href":"https:\/\/www.gsr-bamberg.de\/wordpress\/wp-json\/wp\/v2\/pages\/128\/revisions\/1338"}],"up":[{"embeddable":true,"href":"https:\/\/www.gsr-bamberg.de\/wordpress\/wp-json\/wp\/v2\/pages\/37"}],"wp:attachment":[{"href":"https:\/\/www.gsr-bamberg.de\/wordpress\/wp-json\/wp\/v2\/media?parent=128"}],"curies":[{"name":"wp","href":"https:\/\/api.w.org\/{rel}","templated":true}]}}