{"id":26,"date":"2023-07-16T22:20:32","date_gmt":"2023-07-16T20:20:32","guid":{"rendered":"http:\/\/www.s665648207.online.de\/wordpress\/?page_id=26"},"modified":"2026-04-15T10:02:37","modified_gmt":"2026-04-15T08:02:37","slug":"service","status":"publish","type":"page","link":"https:\/\/www.gsr-bamberg.de\/wordpress\/service\/","title":{"rendered":"Service"},"content":{"rendered":"<ul>\n<li><a href=\"https:\/\/www.gsr-bamberg.de\/wordpress\/service\/anmeldung-und-probeunterricht\/\">Anmeldung<\/a><\/li>\n<li>Beratung\n<ul>\n<li><a href=\"https:\/\/www.gsr-bamberg.de\/wordpress\/schulfamilie\/jugendsozialarbeit-jas\/\">Jugendsozialarbeit (JaS)<\/a><\/li>\n<li><a href=\"https:\/\/www.gsr-bamberg.de\/wordpress\/service\/beratung\/schulpsychologe\/\">Schulpsychologe<\/a><\/li>\n<li><a href=\"https:\/\/www.gsr-bamberg.de\/wordpress\/service\/beratung\/schullaufbahnberatung\/\">Schullaufbahnberatung<\/a><\/li>\n<li><a href=\"https:\/\/www.gsr-bamberg.de\/wordpress\/service\/beratung\/berufsberatung\/\">Berufsberatung<\/a><\/li>\n<li><a href=\"https:\/\/www.gsr-bamberg.de\/wordpress\/service\/beratung\/links\/\">Links<\/a><\/li>\n<\/ul>\n<\/li>\n<li><a href=\"https:\/\/www.gsr-bamberg.de\/wordpress\/service\/probeunterricht\/\">Probeunterricht<\/a><\/li>\n<li><a href=\"https:\/\/www.gsr-bamberg.de\/wordpress\/service\/kalender\/\">Kalender<\/a><\/li>\n<li><a href=\"https:\/\/www.gsr-bamberg.de\/wordpress\/service\/downloads-dokumente-und-formulare\/elternportal\/\">Elternportal<\/a><\/li>\n<li><a href=\"https:\/\/www.gsr-bamberg.de\/wordpress\/schliessfachanmeldung\/\">Schlie\u00dffachanmeldung<\/a><\/li>\n<li>Downloads &#8211; Formulare\n<ul>\n<li><a href=\"https:\/\/www.gsr-bamberg.de\/wordpress\/service\/downloads-dokumente-und-formulare\/befoerderungsantrag\/\">Bef\u00f6rderungsantrag<\/a><\/li>\n<li><a href=\"https:\/\/www.gsr-bamberg.de\/wordpress\/service\/downloads-dokumente-und-formulare\/erkrankung-und-befreiung\/\">Erkrankung und Befreiung<\/a><\/li>\n<\/ul>\n<\/li>\n<li>Organisatorisches\n<ul>\n<li><a href=\"https:\/\/www.gsr-bamberg.de\/wordpress\/service\/organisatorisches\/datenschutzerklaerung-2\/\">Datenschutzerkl\u00e4rung<\/a><\/li>\n<li><a href=\"https:\/\/www.gsr-bamberg.de\/wordpress\/service\/organisatorisches\/impressum\/\">Impressum<\/a><\/li>\n<\/ul>\n<\/li>\n<\/ul>\n","protected":false},"excerpt":{"rendered":"<p>Anmeldung Beratung Jugendsozialarbeit (JaS) Schulpsychologe Schullaufbahnberatung Berufsberatung Links Probeunterricht Kalender Elternportal Schlie\u00dffachanmeldung Downloads &#8211; Formulare Bef\u00f6rderungsantrag Erkrankung und Befreiung Organisatorisches Datenschutzerkl\u00e4rung Impressum<\/p>\n","protected":false},"author":1,"featured_media":0,"parent":0,"menu_order":0,"comment_status":"closed","ping_status":"closed","template":"","meta":{"ngg_post_thumbnail":0,"footnotes":""},"class_list":["post-26","page","type-page","status-publish","hentry"],"_links":{"self":[{"href":"https:\/\/www.gsr-bamberg.de\/wordpress\/wp-json\/wp\/v2\/pages\/26","targetHints":{"allow":["GET"]}}],"collection":[{"href":"https:\/\/www.gsr-bamberg.de\/wordpress\/wp-json\/wp\/v2\/pages"}],"about":[{"href":"https:\/\/www.gsr-bamberg.de\/wordpress\/wp-json\/wp\/v2\/types\/page"}],"author":[{"embeddable":true,"href":"https:\/\/www.gsr-bamberg.de\/wordpress\/wp-json\/wp\/v2\/users\/1"}],"replies":[{"embeddable":true,"href":"https:\/\/www.gsr-bamberg.de\/wordpress\/wp-json\/wp\/v2\/comments?post=26"}],"version-history":[{"count":7,"href":"https:\/\/www.gsr-bamberg.de\/wordpress\/wp-json\/wp\/v2\/pages\/26\/revisions"}],"predecessor-version":[{"id":3293,"href":"https:\/\/www.gsr-bamberg.de\/wordpress\/wp-json\/wp\/v2\/pages\/26\/revisions\/3293"}],"wp:attachment":[{"href":"https:\/\/www.gsr-bamberg.de\/wordpress\/wp-json\/wp\/v2\/media?parent=26"}],"curies":[{"name":"wp","href":"https:\/\/api.w.org\/{rel}","templated":true}]}}