{"id":317,"date":"2023-07-24T00:18:08","date_gmt":"2023-07-23T22:18:08","guid":{"rendered":"http:\/\/www.s665648207.online.de\/wordpress\/?page_id=317"},"modified":"2023-12-21T17:59:38","modified_gmt":"2023-12-21T16:59:38","slug":"tutoren","status":"publish","type":"page","link":"https:\/\/www.gsr-bamberg.de\/wordpress\/schulleben\/gesellschaft-und-soziales\/tutoren\/","title":{"rendered":"Tutoren"},"content":{"rendered":"<div class=\"cc-m-hgrid-column\">\n<div id=\"cc-matrix-3669207149\">\n<div id=\"cc-m-13077929149\" class=\"j-module n j-text \">\n<p>In der von StR Hubel geleiteten Tutorengruppe machen Sch\u00fclerinnen und Sch\u00fcler aus den h\u00f6heren Jahrgangsstufen mit. Sie k\u00fcmmern sich um die neu eingetretenen F\u00fcnftkl\u00e4ssler*innen. Sie helfen Ihnen an der neuen Schule heimisch zu werden und wollen durch verschiedene Angebote dazu beitragen, dass die neuen Sch\u00fclerinnen und Sch\u00fcler in einer Klassengemeinschaft zusammenwachsen.<\/p>\n<p>Dem Kennenlernen des Schulgeb\u00e4udes dient eine Schulhausrallye am Anfang des Schuljahres. Im Laufe des Jahres backt man dann zusammen Pizza oder Pl\u00e4tzchen, trifft sich zum gemeinsamen Spielen oder vergn\u00fcgt sich beim Bowling.Die F\u00fcnftkl\u00e4ssler finden es \u201ecool\u201c mit \u00e4lteren Sch\u00fclerinnen und Sch\u00fclern in Kontakt zu kommen und die Tutorinnen und Tutoren machen wichtige Erfahrungen beim Organisieren und Durchf\u00fchren von Veranstaltungen. Es m\u00fcssen Elternbriefe formuliert und ausgegeben, Teilnehmerlisten gef\u00fchrt, Geld eingesammelt, Material besorgt und der genaue Ablauf der Veranstaltung geplant werden und nicht zuletzt ist die Beaufsichtigung der M\u00e4dchen und Jungen eine Herausforderung, an der unsere \u00c4lteren nur wachsen k\u00f6nnen.<\/p>\n<\/div>\n<\/div>\n<\/div>\n<div class=\"cc-m-hgrid-separator\" data-display=\"cms-only\">&nbsp;<\/div>\n","protected":false},"excerpt":{"rendered":"<p>In der von StR Hubel geleiteten Tutorengruppe machen Sch\u00fclerinnen und Sch\u00fcler aus den h\u00f6heren Jahrgangsstufen mit. Sie k\u00fcmmern sich um die neu eingetretenen F\u00fcnftkl\u00e4ssler*innen. Sie helfen Ihnen an der neuen [&hellip;]<\/p>\n","protected":false},"author":1,"featured_media":0,"parent":1100,"menu_order":0,"comment_status":"closed","ping_status":"closed","template":"","meta":{"ngg_post_thumbnail":0,"footnotes":""},"class_list":["post-317","page","type-page","status-publish","hentry"],"_links":{"self":[{"href":"https:\/\/www.gsr-bamberg.de\/wordpress\/wp-json\/wp\/v2\/pages\/317","targetHints":{"allow":["GET"]}}],"collection":[{"href":"https:\/\/www.gsr-bamberg.de\/wordpress\/wp-json\/wp\/v2\/pages"}],"about":[{"href":"https:\/\/www.gsr-bamberg.de\/wordpress\/wp-json\/wp\/v2\/types\/page"}],"author":[{"embeddable":true,"href":"https:\/\/www.gsr-bamberg.de\/wordpress\/wp-json\/wp\/v2\/users\/1"}],"replies":[{"embeddable":true,"href":"https:\/\/www.gsr-bamberg.de\/wordpress\/wp-json\/wp\/v2\/comments?post=317"}],"version-history":[{"count":3,"href":"https:\/\/www.gsr-bamberg.de\/wordpress\/wp-json\/wp\/v2\/pages\/317\/revisions"}],"predecessor-version":[{"id":1781,"href":"https:\/\/www.gsr-bamberg.de\/wordpress\/wp-json\/wp\/v2\/pages\/317\/revisions\/1781"}],"up":[{"embeddable":true,"href":"https:\/\/www.gsr-bamberg.de\/wordpress\/wp-json\/wp\/v2\/pages\/1100"}],"wp:attachment":[{"href":"https:\/\/www.gsr-bamberg.de\/wordpress\/wp-json\/wp\/v2\/media?parent=317"}],"curies":[{"name":"wp","href":"https:\/\/api.w.org\/{rel}","templated":true}]}}